omposite?
False
Is 1375007 a prime number?
True
Is 191 a composite number?
False
Is 172849 a composite number?
False
Is 50581 prime?
True
Is 111473 prime?
False
Is 19813 composite?
False
Is 186457 composite?
True
Is 37511 a prime number?
True
Is 30547 a prime number?
False
Is 23789 a composite number?
False
Is 150697 composite?
False
Is 30677 a composite number?
False
Is 13945 composite?
True
Is 60007 composite?
True
Is 151001 prime?
False
Is 3664117 a composite number?
False
Is 160201 prime?
True
Is 51877 prime?
False
Is 127562 composite?
True
Is 139021 prime?
True
Is 11903 a prime number?
True
Is 2098583 prime?
False
Is 4198 prime?
False
Is 41273 a prime number?
False
Is 1381 prime?
True
Is 32811 prime?
False
Is 6458 a composite number?
True
Is 1159441 a prime number?
False
Is 629605 a prime number?
False
Is 3453 composite?
True
Is 933797 a prime number?
True
Is 4327 prime?
True
Is 69421 composite?
True
Is 17519 a composite number?
False
Is 724349 a prime number?
False
Is 6733 prime?
True
Is 4279 prime?
False
Is 50357 prime?
False
Is 650878 prime?
False
Is 126121 a composite number?
True
Is 5873 composite?
True
Is 144719 a composite number?
False
Is 288527 a prime number?
True
Is 7827 a composite number?
True
Is 36794 a prime number?
False
Is 12443 composite?
True
Is 186349 a prime number?
False
Is 999749 composite?
False
Is 1604263 a prime number?
True
Is 629 a composite number?
True
Is 7753 a prime number?
True
Is 126073 a composite number?
True
Is 83597 a composite number?
False
Is 9358 a prime number?
False
Is 7283 composite?
False
Is 5617 composite?
True
Is 12149 a composite number?
False
Is 8147 prime?
True
Is 1317397 a composite number?
False
Is 1061 a prime number?
True
Is 34583 a composite number?
False
Is 94123 prime?
False
Is 49559 a prime number?
True
Is 65281 a composite number?
True
Is 15427 a composite number?
False
Is 179813 prime?
True
Is 23969 a prime number?
False
Is 8803 a composite number?
False
Is 725597 a prime number?
True
Is 49297 a prime number?
True
Is 95297 prime?
False
Is 469877 composite?
False
Is 26917 a composite number?
True
Is 3158629 composite?
False
Is 18101 composite?
True
Is 617261 a composite number?
True
Is 42989 prime?
True
Is 380533 a prime number?
True
Is 11127 prime?
False
Is 19517 a composite number?
True
Is 20329 composite?
True
Is 416503 a composite number?
False
Is 628637 composite?
True
Is 21059 prime?
True
Is 25831 a composite number?
True
Is 21647 a prime number?
True
Is 5033 a prime number?
False
Is 93281 a prime number?
True
Is 342655 a composite number?
True
Is 9134 a composite number?
True
Is 128813 prime?
True
Is 146777 composite?
False
Is 565259 a composite number?
False
Is 16773 a prime number?
False
Is 8149 a prime number?
False
Is 51943 composite?
True
Is 9667 a prime number?
False
Is 1151 a composite number?
False
Is 1653533 prime?
False
Is 1594 a prime number?
False
Is 138981 composite?
True
Is 13746089 prime?
False
Is 372767 prime?
False
Is 7039 a prime number?
True
Is 352337 a prime number?
False
Is 5779 composite?
False
Is 396919 a composite number?
False
Is 1346159 prime?
True
Is 15421 a composite number?
True
Is 83914 a composite number?
True
Is 6621 a prime number?
False
Is 1977 a prime number?
False
Is 159157 a composite number?
False
Is 136805 composite?
True
Is 19931 a composite number?
True
Is 146777 a prime number?
True
Is 232931 a composite number?
True
Is 5834 a prime number?
False
Is 4381361 a composite number?
False
Is 941 a prime number?
True
Is 303749 a prime number?
True
Is 32722 a prime number?
False
Is 202441 a composite number?
False
Is 48099 prime?
False
Is 24031 a composite number?
True
Is 30059 a composite number?
False
Is 1075601 composite?
False
Is 35747 composite?
False
Is 719 composite?
False
Is 9091 a composite number?
False
Is 93417 a prime number?
False
Is 115683 composite?
True
Is 80471 a composite number?
False
Is 108127 composite?
False
Is 289411 prime?
False
Is 62273 a prime number?
True
Is 90107 composite?
False
Is 45941 prime?
False
Is 265381 composite?
False
Is 40927 prime?
True
Is 261917 prime?
True
Is 5557 composite?
False
Is 3989 a prime number?
True
Is 12851 a composite number?
True
Is 27733 prime?
True
Is 25981 composite?
False
Is 31817 a prime number?
True
Is 57307 a prime number?
False
Is 976907 prime?
False
Is 52361 prime?
True
Is 5933 a prime number?
False
Is 417461 a composite number?
True
Is 51749 a composite number?
False
Is 110251 a composite number?
False
Is 967 a prime number?
True
Is 39067 a composite number?
True
Is 787 a prime number?
True
Is 5645 composite?
True
Is 30273 composite?
True
Is 63003 composite?
True
Is 19841 a prime number?
True
Is 17369 prime?
False
Is 67001 composite?
True
Is 19207 composite?
False
Is 16877 a composite number?
True
Is 7261 prime?
False
Is 100357 prime?
True
Is 72041 a composite number?
True
Is 10893 a composite number?
True
Is 16309 prime?
False
Is 718167 a prime number?
False
Is 45361 prime?
True
Is 41437 composite?
True
Is 366117 a prime number?
False
Is 118553 a prime number?
False
Is 8887 a prime number?
True
Is 7621 composite?
False
Is 40213 a prime number?
True
Is 452077 composite?
False
Is 142529 composite?
False
Is 256085 a composite number?
True
Is 669 prime?
False
Is 520589 a prime number?
True
Is 62773 prime?
True
Is 100407 prime?
False
Is 413597 a composite number?
False
Is 631 composite?
False
Is 20441 composite?
False
Is 30691 a composite number?
True
Is 12388159 prime?
False
Is 9599 composite?
True
Is 45863 composite?
False
Is 88763 a prime number?
False
Is 3587 composite?
True
Is 296315 a composite number?
True
Is 821189 a composite number?
True
Is 99317 prime?
True
Is 1081 composite?
True
Is 150077 composite?
False
Is 585265 a composite number?
True
Is 11273 prime?
True
Is 613805 a composite number?
True
Is 5241 prime?
False
Is 24257 a prime number?
False
Is 1811 a prime number?
True
Is 9533 a composite number?
False
Is 508127 prime?
False
Is 516311 composite?
True
Is 3377 a prime number?
False
Is 193073 composite?
False
Is 52963 a prime number?
True
Is 50411 composite?
False
Is 7251 composite?
True
Is 80287 composite?
False
Is 17417 a prime number?
True
Is 1010897 composite?
False
Is 1807523 prime?
False
Is 12185 composite?
True
Is 21977 composite?
False
Is 24319 a prime number?
False
Is 363997 a composite number?
True
Is 5663 a prime number?
False
Is 3083 composite?
False
Is 7561 a composite number?
False
Is 77305 prime?
False
Is 6073 a composite number?
False
Is 347965 a prime number?
False
Is 21647 a prime number?
True
Is 9115 a prime number?
False
Is 7217 prime?
False
Is 10037 a composite number?
False
Is 274359 a prime number?
False
Is 4907 a composite number?
True
Is 8611 a prime number?
False
Is 10811 a composite number?
True
Is 44987 composite?
False
Is 5701 composite?
False
Is 8779 composite?
False
Is 18019 prime?
False
Is 12515 prime?
False
Is 73913 composite?
True
Is 9871 a prime number?
True
Is 603817 prime?
True
Is 25301 a composite number?
False
Is 38546 composite?
True
Is 17597 composite?
False
Is 76301 composite?
True
Is 439997 composite?
True
Is 498137 a prime number?
False
Is 2864737 composite?
False
Is 6711 prime?
False
Is 13094 a prime number?
False
Is 611 a prime number?
False
Is 328733 composite?
True
Is 2559 a prime number?
False
Is 20249 composite?
False
Is 2927 prime?
True
Is 488939 a composite number?
True
Is 5779 a prime number?
True
Is 20263 a composite number?
True
Is 17603 a prime number?
False
Is 333731 composite?
True
Is 6653 prime?
True
Is 3643 a composite number?
False
Is 7321 composite?
False
Is 5513 prime?
False
Is 3038579 prime?
True
Is 29917 a composite number?
False
Is 175853 a composite number?
False
Is 146581 a composite number?
False
Is 917981 a prime number?
False
Is 2161 prime?
True
Is 481 prime?
False
Is 229897 a composite number?
False
Is 1425521 prime?
True
Is 399719 a prime number?
True
Is 9169 prime?
False
Is 1649 composite?
True
Is 19519 composite?
True
Is 3787 a prime number?
False
Is 4721 composite?
False
Is 3004647 a prime number?
False
Is 4076571 prime?
False
Is 6841 a composite number?
False
Is 647561 a prime number?
False
Is 19103 composite?
True
Is 431797 a composite number?
False
Is 15313 composite?
False
Is 32467 